{"id":10,"date":"2026-03-15T14:44:22","date_gmt":"2026-03-15T14:44:22","guid":{"rendered":"https:\/\/be-cycle.fr\/wordpress_l\/?page_id=10"},"modified":"2026-04-10T03:02:45","modified_gmt":"2026-04-10T03:02:45","slug":"maintenance","status":"publish","type":"page","link":"https:\/\/be-cycle.fr\/wordpress_l\/","title":{"rendered":"Maintenance"},"content":{"rendered":"\t\t<div data-elementor-type=\"wp-page\" data-elementor-id=\"10\" class=\"elementor elementor-10\" data-elementor-post-type=\"page\">\n\t\t\t\t<div class=\"elementor-element elementor-element-989cfab e-con-full e-flex e-con e-parent\" data-id=\"989cfab\" data-element_type=\"container\" data-e-type=\"container\" data-settings=\"{&quot;background_background&quot;:&quot;classic&quot;}\">\n\t\t<div class=\"elementor-element elementor-element-e5841c1 e-con-full e-flex e-con e-child\" data-id=\"e5841c1\" data-element_type=\"container\" data-e-type=\"container\">\n\t\t\t\t<div class=\"elementor-element elementor-element-6ad91a9 elementor-widget__width-inherit elementor-widget elementor-widget-image\" data-id=\"6ad91a9\" data-element_type=\"widget\" data-e-type=\"widget\" data-widget_type=\"image.default\">\n\t\t\t\t\t\t\t\t\t\t\t\t\t\t\t<img fetchpriority=\"high\" decoding=\"async\" width=\"1000\" height=\"374\" src=\"https:\/\/be-cycle.fr\/wordpress_l\/wp-content\/uploads\/2026\/04\/Logo-Born-to-Be-cycle-et-Bandeaux.webp\" class=\"attachment-large size-large wp-image-192\" alt=\"\" srcset=\"https:\/\/be-cycle.fr\/wordpress_l\/wp-content\/uploads\/2026\/04\/Logo-Born-to-Be-cycle-et-Bandeaux.webp 1000w, https:\/\/be-cycle.fr\/wordpress_l\/wp-content\/uploads\/2026\/04\/Logo-Born-to-Be-cycle-et-Bandeaux-300x112.webp 300w, https:\/\/be-cycle.fr\/wordpress_l\/wp-content\/uploads\/2026\/04\/Logo-Born-to-Be-cycle-et-Bandeaux-768x287.webp 768w\" sizes=\"(max-width: 1000px) 100vw, 1000px\" \/>\t\t\t\t\t\t\t\t\t\t\t\t\t\t\t<\/div>\n\t\t\t\t<div class=\"elementor-element elementor-element-ebe704b elementor-widget__width-initial elementor-widget elementor-widget-heading\" data-id=\"ebe704b\" data-element_type=\"widget\" data-e-type=\"widget\" data-settings=\"{&quot;motion_fx_motion_fx_scrolling&quot;:&quot;yes&quot;,&quot;motion_fx_motion_fx_mouse&quot;:&quot;yes&quot;,&quot;motion_fx_tilt_effect&quot;:&quot;yes&quot;,&quot;motion_fx_tilt_direction&quot;:&quot;negative&quot;,&quot;motion_fx_devices&quot;:[&quot;desktop&quot;,&quot;tablet&quot;,&quot;mobile&quot;],&quot;motion_fx_tilt_speed&quot;:{&quot;unit&quot;:&quot;px&quot;,&quot;size&quot;:4,&quot;sizes&quot;:[]}}\" data-widget_type=\"heading.default\">\n\t\t\t\t\t<h2 class=\"elementor-heading-title elementor-size-default\">Site en construction !<\/h2>\t\t\t\t<\/div>\n\t\t\t\t<div class=\"elementor-element elementor-element-bae9878 elementor-widget__width-inherit elementor-widget elementor-widget-heading\" data-id=\"bae9878\" data-element_type=\"widget\" data-e-type=\"widget\" data-widget_type=\"heading.default\">\n\t\t\t\t\t<h2 class=\"elementor-heading-title elementor-size-default\">- Bient\u00f4t en ligne -<\/h2>\t\t\t\t<\/div>\n\t\t\t\t<div class=\"elementor-element elementor-element-beaf2f0 elementor-widget elementor-widget-n-accordion\" data-id=\"beaf2f0\" data-element_type=\"widget\" data-e-type=\"widget\" data-settings=\"{&quot;default_state&quot;:&quot;all_collapsed&quot;,&quot;max_items_expended&quot;:&quot;one&quot;,&quot;n_accordion_animation_duration&quot;:{&quot;unit&quot;:&quot;ms&quot;,&quot;size&quot;:400,&quot;sizes&quot;:[]}}\" data-widget_type=\"nested-accordion.default\">\n\t\t\t\t\t\t\t<div class=\"e-n-accordion\" aria-label=\"Accordion. Open links with Enter or Space, close with Escape, and navigate with Arrow Keys\">\n\t\t\t\t\t\t<details id=\"e-n-accordion-item-1990\" class=\"e-n-accordion-item\" >\n\t\t\t\t<summary class=\"e-n-accordion-item-title\" data-accordion-index=\"1\" tabindex=\"0\" aria-expanded=\"false\" aria-controls=\"e-n-accordion-item-1990\" >\n\t\t\t\t\t<span class='e-n-accordion-item-title-header'><div class=\"e-n-accordion-item-title-text\"> En savoir plus <\/div><\/span>\n\t\t\t\t\t\t\t<span class='e-n-accordion-item-title-icon'>\n\t\t\t<span class='e-opened' ><svg aria-hidden=\"true\" class=\"e-font-icon-svg e-fas-minus\" viewBox=\"0 0 448 512\" xmlns=\"http:\/\/www.w3.org\/2000\/svg\"><path d=\"M416 208H32c-17.67 0-32 14.33-32 32v32c0 17.67 14.33 32 32 32h384c17.67 0 32-14.33 32-32v-32c0-17.67-14.33-32-32-32z\"><\/path><\/svg><\/span>\n\t\t\t<span class='e-closed'><svg aria-hidden=\"true\" class=\"e-font-icon-svg e-fas-plus\" viewBox=\"0 0 448 512\" xmlns=\"http:\/\/www.w3.org\/2000\/svg\"><path d=\"M416 208H272V64c0-17.67-14.33-32-32-32h-32c-17.67 0-32 14.33-32 32v144H32c-17.67 0-32 14.33-32 32v32c0 17.67 14.33 32 32 32h144v144c0 17.67 14.33 32 32 32h32c17.67 0 32-14.33 32-32V304h144c17.67 0 32-14.33 32-32v-32c0-17.67-14.33-32-32-32z\"><\/path><\/svg><\/span>\n\t\t<\/span>\n\n\t\t\t\t\t\t<\/summary>\n\t\t\t\t<div role=\"region\" aria-labelledby=\"e-n-accordion-item-1990\" class=\"elementor-element elementor-element-344ad37 e-con-full e-flex e-con e-child\" data-id=\"344ad37\" data-element_type=\"container\" data-e-type=\"container\">\n\t\t\t\t<div class=\"elementor-element elementor-element-69310aa elementor-widget elementor-widget-image\" data-id=\"69310aa\" data-element_type=\"widget\" data-e-type=\"widget\" data-widget_type=\"image.default\">\n\t\t\t\t\t\t\t\t\t\t\t\t\t\t\t<img decoding=\"async\" width=\"722\" height=\"1024\" src=\"https:\/\/be-cycle.fr\/wordpress_l\/wp-content\/uploads\/2026\/03\/FLYERS-A5-Born-to-be-cycle-impression-copie-722x1024.webp\" class=\"attachment-large size-large wp-image-131\" alt=\"\" srcset=\"https:\/\/be-cycle.fr\/wordpress_l\/wp-content\/uploads\/2026\/03\/FLYERS-A5-Born-to-be-cycle-impression-copie-722x1024.webp 722w, https:\/\/be-cycle.fr\/wordpress_l\/wp-content\/uploads\/2026\/03\/FLYERS-A5-Born-to-be-cycle-impression-copie-211x300.webp 211w, https:\/\/be-cycle.fr\/wordpress_l\/wp-content\/uploads\/2026\/03\/FLYERS-A5-Born-to-be-cycle-impression-copie-768x1090.webp 768w, https:\/\/be-cycle.fr\/wordpress_l\/wp-content\/uploads\/2026\/03\/FLYERS-A5-Born-to-be-cycle-impression-copie.webp 874w\" sizes=\"(max-width: 722px) 100vw, 722px\" \/>\t\t\t\t\t\t\t\t\t\t\t\t\t\t\t<\/div>\n\t\t\t\t<\/div>\n\t\t\t\t\t<\/details>\n\t\t\t\t\t<\/div>\n\t\t\t\t\t\t<\/div>\n\t\t\t\t<div class=\"elementor-element elementor-element-3b35ff4 elementor-widget__width-inherit elementor-invisible elementor-widget elementor-widget-html\" data-id=\"3b35ff4\" data-element_type=\"widget\" data-e-type=\"widget\" data-settings=\"{&quot;sticky&quot;:&quot;top&quot;,&quot;_animation&quot;:&quot;fadeIn&quot;,&quot;sticky_on&quot;:[&quot;desktop&quot;,&quot;tablet&quot;,&quot;mobile&quot;],&quot;sticky_offset&quot;:0,&quot;sticky_effects_offset&quot;:0,&quot;sticky_anchor_link_offset&quot;:0}\" data-widget_type=\"html.default\">\n\t\t\t\t\t<script src=\"https:\/\/unpkg.com\/@lottiefiles\/dotlottie-wc@0.9.10\/dist\/dotlottie-wc.js\" type=\"module\"><\/script>\r\n<dotlottie-wc src=\"https:\/\/lottie.host\/10b96a78-3b39-41fc-93db-1b311e1ec048\/4CF27dG5z6.lottie\" style=\"width: 300px;height: 300px\" autoplay loop><\/dotlottie-wc>\t\t\t\t<\/div>\n\t\t\t\t<div class=\"elementor-element elementor-element-d51a0a2 elementor-widget__width-initial elementor-widget elementor-widget-heading\" data-id=\"d51a0a2\" data-element_type=\"widget\" data-e-type=\"widget\" data-widget_type=\"heading.default\">\n\t\t\t\t\t<h2 class=\"elementor-heading-title elementor-size-default\">Je p\u00e9dale \u00e0 fond pour ...<\/h2>\t\t\t\t<\/div>\n\t\t\t\t<div class=\"elementor-element elementor-element-7187c02 elementor-headline--style-rotate elementor-widget__width-auto elementor-widget elementor-widget-animated-headline\" data-id=\"7187c02\" data-element_type=\"widget\" data-e-type=\"widget\" data-settings=\"{&quot;headline_style&quot;:&quot;rotate&quot;,&quot;animation_type&quot;:&quot;slide&quot;,&quot;rotating_text&quot;:&quot;\\u00eatre sur le web !\\nvous d\\u00e9panner!\\nr\\u00e9parer vos v\\u00e9los !\\nun site en ligne !\\nrestaurer vos deux roues !\\nentretenir votre matos !\\n&quot;,&quot;loop&quot;:&quot;yes&quot;,&quot;rotate_iteration_delay&quot;:2500}\" data-widget_type=\"animated-headline.default\">\n\t\t\t\t\t\t\t<div class=\"elementor-headline elementor-headline-animation-type-slide\">\n\t\t\t\t<span class=\"elementor-headline-dynamic-wrapper elementor-headline-text-wrapper\">\n\t\t\t\t\t<span class=\"elementor-headline-dynamic-text elementor-headline-text-active\">\n\t\t\t\t\u00eatre&nbsp;sur&nbsp;le&nbsp;web&nbsp;!\t\t\t<\/span>\n\t\t\t\t\t<span class=\"elementor-headline-dynamic-text\">\n\t\t\t\tvous&nbsp;d\u00e9panner!\t\t\t<\/span>\n\t\t\t\t\t<span class=\"elementor-headline-dynamic-text\">\n\t\t\t\tr\u00e9parer&nbsp;vos&nbsp;v\u00e9los&nbsp;!\t\t\t<\/span>\n\t\t\t\t\t<span class=\"elementor-headline-dynamic-text\">\n\t\t\t\tun&nbsp;site&nbsp;en&nbsp;ligne&nbsp;!\t\t\t<\/span>\n\t\t\t\t\t<span class=\"elementor-headline-dynamic-text\">\n\t\t\t\trestaurer&nbsp;vos&nbsp;deux&nbsp;roues&nbsp;!\t\t\t<\/span>\n\t\t\t\t\t<span class=\"elementor-headline-dynamic-text\">\n\t\t\t\tentretenir&nbsp;votre&nbsp;matos&nbsp;!\t\t\t<\/span>\n\t\t\t\t\t<span class=\"elementor-headline-dynamic-text\">\n\t\t\t\t\t\t\t<\/span>\n\t\t\t\t\t\t<\/span>\n\t\t\t\t<\/div>\n\t\t\t\t\t\t<\/div>\n\t\t\t\t<\/div>\n\t\t\t\t<div class=\"elementor-element elementor-element-c50ef1d elementor-widget-divider--view-line elementor-widget elementor-widget-divider\" data-id=\"c50ef1d\" data-element_type=\"widget\" data-e-type=\"widget\" data-widget_type=\"divider.default\">\n\t\t\t\t\t\t\t<div class=\"elementor-divider\">\n\t\t\t<span class=\"elementor-divider-separator\">\n\t\t\t\t\t\t<\/span>\n\t\t<\/div>\n\t\t\t\t\t\t<\/div>\n\t\t\t\t<div class=\"elementor-element elementor-element-f47c929 elementor-widget elementor-widget-text-editor\" data-id=\"f47c929\" data-element_type=\"widget\" data-e-type=\"widget\" data-widget_type=\"text-editor.default\">\n\t\t\t\t\t\t\t\t\t<p>Suivez mon actualit\u00e9 et mes r\u00e9alisations !<\/p>\t\t\t\t\t\t\t\t<\/div>\n\t\t\t\t<div class=\"elementor-element elementor-element-60a112e elementor-shape-rounded elementor-grid-0 e-grid-align-center elementor-widget elementor-widget-social-icons\" data-id=\"60a112e\" data-element_type=\"widget\" data-e-type=\"widget\" data-widget_type=\"social-icons.default\">\n\t\t\t\t\t\t\t<div class=\"elementor-social-icons-wrapper elementor-grid\" role=\"list\">\n\t\t\t\t\t\t\t<span class=\"elementor-grid-item\" role=\"listitem\">\n\t\t\t\t\t<a class=\"elementor-icon elementor-social-icon elementor-social-icon-facebook elementor-repeater-item-3000595\" href=\"https:\/\/www.facebook.com\/profile.php?id=61575486050468\" target=\"_blank\">\n\t\t\t\t\t\t<span class=\"elementor-screen-only\">Facebook<\/span>\n\t\t\t\t\t\t<svg aria-hidden=\"true\" class=\"e-font-icon-svg e-fab-facebook\" viewBox=\"0 0 512 512\" xmlns=\"http:\/\/www.w3.org\/2000\/svg\"><path d=\"M504 256C504 119 393 8 256 8S8 119 8 256c0 123.78 90.69 226.38 209.25 245V327.69h-63V256h63v-54.64c0-62.15 37-96.48 93.67-96.48 27.14 0 55.52 4.84 55.52 4.84v61h-31.28c-30.8 0-40.41 19.12-40.41 38.73V256h68.78l-11 71.69h-57.78V501C413.31 482.38 504 379.78 504 256z\"><\/path><\/svg>\t\t\t\t\t<\/a>\n\t\t\t\t<\/span>\n\t\t\t\t\t\t\t<span class=\"elementor-grid-item\" role=\"listitem\">\n\t\t\t\t\t<a class=\"elementor-icon elementor-social-icon elementor-social-icon-instagram elementor-repeater-item-0a7ecf2\" href=\"https:\/\/www.instagram.com\/sioupeurdave\/\" target=\"_blank\">\n\t\t\t\t\t\t<span class=\"elementor-screen-only\">Instagram<\/span>\n\t\t\t\t\t\t<svg aria-hidden=\"true\" class=\"e-font-icon-svg e-fab-instagram\" viewBox=\"0 0 448 512\" xmlns=\"http:\/\/www.w3.org\/2000\/svg\"><path d=\"M224.1 141c-63.6 0-114.9 51.3-114.9 114.9s51.3 114.9 114.9 114.9S339 319.5 339 255.9 287.7 141 224.1 141zm0 189.6c-41.1 0-74.7-33.5-74.7-74.7s33.5-74.7 74.7-74.7 74.7 33.5 74.7 74.7-33.6 74.7-74.7 74.7zm146.4-194.3c0 14.9-12 26.8-26.8 26.8-14.9 0-26.8-12-26.8-26.8s12-26.8 26.8-26.8 26.8 12 26.8 26.8zm76.1 27.2c-1.7-35.9-9.9-67.7-36.2-93.9-26.2-26.2-58-34.4-93.9-36.2-37-2.1-147.9-2.1-184.9 0-35.8 1.7-67.6 9.9-93.9 36.1s-34.4 58-36.2 93.9c-2.1 37-2.1 147.9 0 184.9 1.7 35.9 9.9 67.7 36.2 93.9s58 34.4 93.9 36.2c37 2.1 147.9 2.1 184.9 0 35.9-1.7 67.7-9.9 93.9-36.2 26.2-26.2 34.4-58 36.2-93.9 2.1-37 2.1-147.8 0-184.8zM398.8 388c-7.8 19.6-22.9 34.7-42.6 42.6-29.5 11.7-99.5 9-132.1 9s-102.7 2.6-132.1-9c-19.6-7.8-34.7-22.9-42.6-42.6-11.7-29.5-9-99.5-9-132.1s-2.6-102.7 9-132.1c7.8-19.6 22.9-34.7 42.6-42.6 29.5-11.7 99.5-9 132.1-9s102.7-2.6 132.1 9c19.6 7.8 34.7 22.9 42.6 42.6 11.7 29.5 9 99.5 9 132.1s2.7 102.7-9 132.1z\"><\/path><\/svg>\t\t\t\t\t<\/a>\n\t\t\t\t<\/span>\n\t\t\t\t\t<\/div>\n\t\t\t\t\t\t<\/div>\n\t\t\t\t<\/div>\n\t\t\t\t<\/div>\n\t\t","protected":false},"excerpt":{"rendered":"<p>Site en construction ! &#8211; Bient\u00f4t en ligne &#8211; En savoir plus Je p\u00e9dale \u00e0 fond pour &#8230; \u00eatre&nbsp;sur&nbsp;le&nbsp;web&nbsp;! vous&nbsp;d\u00e9panner! [&hellip;]<\/p>\n","protected":false},"author":1,"featured_media":0,"parent":0,"menu_order":0,"comment_status":"closed","ping_status":"closed","template":"elementor_canvas","meta":{"site-sidebar-layout":"no-sidebar","site-content-layout":"plain-container","ast-site-content-layout":"default","site-content-style":"default","site-sidebar-style":"default","ast-global-header-display":"disabled","ast-banner-title-visibility":"disabled","ast-main-header-display":"","ast-hfb-above-header-display":"","ast-hfb-below-header-display":"","ast-hfb-mobile-header-display":"","site-post-title":"","ast-breadcrumbs-content":"","ast-featured-img":"","footer-sml-layout":"disabled","ast-disable-related-posts":"","theme-transparent-header-meta":"enabled","adv-header-id-meta":"","stick-header-meta":"","header-above-stick-meta":"","header-main-stick-meta":"","header-below-stick-meta":"","astra-migrate-meta-layouts":"default","ast-page-background-enabled":"default","ast-page-background-meta":{"desktop":{"background-color":"var(--ast-global-color-5)","background-image":"","background-repeat":"repeat","background-position":"center center","background-size":"auto","background-attachment":"scroll","background-type":"","background-media":"","overlay-type":"","overlay-color":"","overlay-opacity":"","overlay-gradient":""},"tablet":{"background-color":"","background-image":"","background-repeat":"repeat","background-position":"center center","background-size":"auto","background-attachment":"scroll","background-type":"","background-media":"","overlay-type":"","overlay-color":"","overlay-opacity":"","overlay-gradient":""},"mobile":{"background-color":"","background-image":"","background-repeat":"repeat","background-position":"center center","background-size":"auto","background-attachment":"scroll","background-type":"","background-media":"","overlay-type":"","overlay-color":"","overlay-opacity":"","overlay-gradient":""}},"ast-content-background-meta":{"desktop":{"background-color":"var(--ast-global-color-4)","background-image":"","background-repeat":"repeat","background-position":"center center","background-size":"auto","background-attachment":"scroll","background-type":"","background-media":"","overlay-type":"","overlay-color":"","overlay-opacity":"","overlay-gradient":""},"tablet":{"background-color":"var(--ast-global-color-4)","background-image":"","background-repeat":"repeat","background-position":"center center","background-size":"auto","background-attachment":"scroll","background-type":"","background-media":"","overlay-type":"","overlay-color":"","overlay-opacity":"","overlay-gradient":""},"mobile":{"background-color":"var(--ast-global-color-4)","background-image":"","background-repeat":"repeat","background-position":"center center","background-size":"auto","background-attachment":"scroll","background-type":"","background-media":"","overlay-type":"","overlay-color":"","overlay-opacity":"","overlay-gradient":""}},"footnotes":""},"class_list":["post-10","page","type-page","status-publish","hentry"],"yoast_head":"<!-- This site is optimized with the Yoast SEO plugin v27.3 - https:\/\/yoast.com\/product\/yoast-seo-wordpress\/ -->\n<title>Maintenance - Born to be-cycle<\/title>\n<meta name=\"robots\" content=\"noindex, follow, max-snippet:-1, max-image-preview:large, max-video-preview:-1\" \/>\n<meta property=\"og:locale\" content=\"fr_FR\" \/>\n<meta property=\"og:type\" content=\"article\" \/>\n<meta property=\"og:title\" content=\"Maintenance - Born to be-cycle\" \/>\n<meta property=\"og:description\" content=\"Site en construction ! &#8211; Bient\u00f4t en ligne &#8211; En savoir plus Je p\u00e9dale \u00e0 fond pour &#8230; \u00eatre&nbsp;sur&nbsp;le&nbsp;web&nbsp;! vous&nbsp;d\u00e9panner! [&hellip;]\" \/>\n<meta property=\"og:url\" content=\"https:\/\/be-cycle.fr\/wordpress_l\/\" \/>\n<meta property=\"og:site_name\" content=\"Born to be-cycle\" \/>\n<meta property=\"article:modified_time\" content=\"2026-04-10T03:02:45+00:00\" \/>\n<meta property=\"og:image\" content=\"https:\/\/be-cycle.fr\/wordpress_l\/wp-content\/uploads\/2026\/04\/Logo-Born-to-Be-cycle-et-Bandeaux.webp\" \/>\n\t<meta property=\"og:image:width\" content=\"1000\" \/>\n\t<meta property=\"og:image:height\" content=\"374\" \/>\n\t<meta property=\"og:image:type\" content=\"image\/webp\" \/>\n<meta name=\"twitter:card\" content=\"summary_large_image\" \/>\n<meta name=\"twitter:label1\" content=\"Dur\u00e9e de lecture estim\u00e9e\" \/>\n\t<meta name=\"twitter:data1\" content=\"1 minute\" \/>\n<script type=\"application\/ld+json\" class=\"yoast-schema-graph\">{\"@context\":\"https:\\\/\\\/schema.org\",\"@graph\":[{\"@type\":\"WebPage\",\"@id\":\"https:\\\/\\\/be-cycle.fr\\\/wordpress_l\\\/\",\"url\":\"https:\\\/\\\/be-cycle.fr\\\/wordpress_l\\\/\",\"name\":\"Maintenance - Born to be-cycle\",\"isPartOf\":{\"@id\":\"https:\\\/\\\/be-cycle.fr\\\/wordpress_l\\\/#website\"},\"primaryImageOfPage\":{\"@id\":\"https:\\\/\\\/be-cycle.fr\\\/wordpress_l\\\/#primaryimage\"},\"image\":{\"@id\":\"https:\\\/\\\/be-cycle.fr\\\/wordpress_l\\\/#primaryimage\"},\"thumbnailUrl\":\"https:\\\/\\\/be-cycle.fr\\\/wordpress_l\\\/wp-content\\\/uploads\\\/2026\\\/04\\\/Logo-Born-to-Be-cycle-et-Bandeaux.webp\",\"datePublished\":\"2026-03-15T14:44:22+00:00\",\"dateModified\":\"2026-04-10T03:02:45+00:00\",\"breadcrumb\":{\"@id\":\"https:\\\/\\\/be-cycle.fr\\\/wordpress_l\\\/#breadcrumb\"},\"inLanguage\":\"fr-FR\",\"potentialAction\":[{\"@type\":\"ReadAction\",\"target\":[\"https:\\\/\\\/be-cycle.fr\\\/wordpress_l\\\/\"]}]},{\"@type\":\"ImageObject\",\"inLanguage\":\"fr-FR\",\"@id\":\"https:\\\/\\\/be-cycle.fr\\\/wordpress_l\\\/#primaryimage\",\"url\":\"https:\\\/\\\/be-cycle.fr\\\/wordpress_l\\\/wp-content\\\/uploads\\\/2026\\\/04\\\/Logo-Born-to-Be-cycle-et-Bandeaux.webp\",\"contentUrl\":\"https:\\\/\\\/be-cycle.fr\\\/wordpress_l\\\/wp-content\\\/uploads\\\/2026\\\/04\\\/Logo-Born-to-Be-cycle-et-Bandeaux.webp\",\"width\":1000,\"height\":374},{\"@type\":\"BreadcrumbList\",\"@id\":\"https:\\\/\\\/be-cycle.fr\\\/wordpress_l\\\/#breadcrumb\",\"itemListElement\":[{\"@type\":\"ListItem\",\"position\":1,\"name\":\"Accueil\",\"item\":\"https:\\\/\\\/be-cycle.fr\\\/wordpress_l\\\/\"},{\"@type\":\"ListItem\",\"position\":2,\"name\":\"Maintenance\"}]},{\"@type\":\"WebSite\",\"@id\":\"https:\\\/\\\/be-cycle.fr\\\/wordpress_l\\\/#website\",\"url\":\"https:\\\/\\\/be-cycle.fr\\\/wordpress_l\\\/\",\"name\":\"Born to be-cycle\",\"description\":\"VOTRE ATELIER PROFESSIONNEL DE R\u00c9PARATIONS !\",\"publisher\":{\"@id\":\"https:\\\/\\\/be-cycle.fr\\\/wordpress_l\\\/#organization\"},\"potentialAction\":[{\"@type\":\"SearchAction\",\"target\":{\"@type\":\"EntryPoint\",\"urlTemplate\":\"https:\\\/\\\/be-cycle.fr\\\/wordpress_l\\\/?s={search_term_string}\"},\"query-input\":{\"@type\":\"PropertyValueSpecification\",\"valueRequired\":true,\"valueName\":\"search_term_string\"}}],\"inLanguage\":\"fr-FR\"},{\"@type\":\"Organization\",\"@id\":\"https:\\\/\\\/be-cycle.fr\\\/wordpress_l\\\/#organization\",\"name\":\"Born to be-cycle\",\"url\":\"https:\\\/\\\/be-cycle.fr\\\/wordpress_l\\\/\",\"logo\":{\"@type\":\"ImageObject\",\"inLanguage\":\"fr-FR\",\"@id\":\"https:\\\/\\\/be-cycle.fr\\\/wordpress_l\\\/#\\\/schema\\\/logo\\\/image\\\/\",\"url\":\"https:\\\/\\\/be-cycle.fr\\\/wordpress_l\\\/wp-content\\\/uploads\\\/2026\\\/03\\\/Logo-Born-to-Be-Cycle-rond-@300px.webp\",\"contentUrl\":\"https:\\\/\\\/be-cycle.fr\\\/wordpress_l\\\/wp-content\\\/uploads\\\/2026\\\/03\\\/Logo-Born-to-Be-Cycle-rond-@300px.webp\",\"width\":100,\"height\":100,\"caption\":\"Born to be-cycle\"},\"image\":{\"@id\":\"https:\\\/\\\/be-cycle.fr\\\/wordpress_l\\\/#\\\/schema\\\/logo\\\/image\\\/\"}}]}<\/script>\n<!-- \/ Yoast SEO plugin. -->","yoast_head_json":{"title":"Maintenance - Born to be-cycle","robots":{"index":"noindex","follow":"follow","max-snippet":"max-snippet:-1","max-image-preview":"max-image-preview:large","max-video-preview":"max-video-preview:-1"},"og_locale":"fr_FR","og_type":"article","og_title":"Maintenance - Born to be-cycle","og_description":"Site en construction ! &#8211; Bient\u00f4t en ligne &#8211; En savoir plus Je p\u00e9dale \u00e0 fond pour &#8230; \u00eatre&nbsp;sur&nbsp;le&nbsp;web&nbsp;! vous&nbsp;d\u00e9panner! [&hellip;]","og_url":"https:\/\/be-cycle.fr\/wordpress_l\/","og_site_name":"Born to be-cycle","article_modified_time":"2026-04-10T03:02:45+00:00","og_image":[{"width":1000,"height":374,"url":"https:\/\/be-cycle.fr\/wordpress_l\/wp-content\/uploads\/2026\/04\/Logo-Born-to-Be-cycle-et-Bandeaux.webp","type":"image\/webp"}],"twitter_card":"summary_large_image","twitter_misc":{"Dur\u00e9e de lecture estim\u00e9e":"1 minute"},"schema":{"@context":"https:\/\/schema.org","@graph":[{"@type":"WebPage","@id":"https:\/\/be-cycle.fr\/wordpress_l\/","url":"https:\/\/be-cycle.fr\/wordpress_l\/","name":"Maintenance - Born to be-cycle","isPartOf":{"@id":"https:\/\/be-cycle.fr\/wordpress_l\/#website"},"primaryImageOfPage":{"@id":"https:\/\/be-cycle.fr\/wordpress_l\/#primaryimage"},"image":{"@id":"https:\/\/be-cycle.fr\/wordpress_l\/#primaryimage"},"thumbnailUrl":"https:\/\/be-cycle.fr\/wordpress_l\/wp-content\/uploads\/2026\/04\/Logo-Born-to-Be-cycle-et-Bandeaux.webp","datePublished":"2026-03-15T14:44:22+00:00","dateModified":"2026-04-10T03:02:45+00:00","breadcrumb":{"@id":"https:\/\/be-cycle.fr\/wordpress_l\/#breadcrumb"},"inLanguage":"fr-FR","potentialAction":[{"@type":"ReadAction","target":["https:\/\/be-cycle.fr\/wordpress_l\/"]}]},{"@type":"ImageObject","inLanguage":"fr-FR","@id":"https:\/\/be-cycle.fr\/wordpress_l\/#primaryimage","url":"https:\/\/be-cycle.fr\/wordpress_l\/wp-content\/uploads\/2026\/04\/Logo-Born-to-Be-cycle-et-Bandeaux.webp","contentUrl":"https:\/\/be-cycle.fr\/wordpress_l\/wp-content\/uploads\/2026\/04\/Logo-Born-to-Be-cycle-et-Bandeaux.webp","width":1000,"height":374},{"@type":"BreadcrumbList","@id":"https:\/\/be-cycle.fr\/wordpress_l\/#breadcrumb","itemListElement":[{"@type":"ListItem","position":1,"name":"Accueil","item":"https:\/\/be-cycle.fr\/wordpress_l\/"},{"@type":"ListItem","position":2,"name":"Maintenance"}]},{"@type":"WebSite","@id":"https:\/\/be-cycle.fr\/wordpress_l\/#website","url":"https:\/\/be-cycle.fr\/wordpress_l\/","name":"Born to be-cycle","description":"VOTRE ATELIER PROFESSIONNEL DE R\u00c9PARATIONS !","publisher":{"@id":"https:\/\/be-cycle.fr\/wordpress_l\/#organization"},"potentialAction":[{"@type":"SearchAction","target":{"@type":"EntryPoint","urlTemplate":"https:\/\/be-cycle.fr\/wordpress_l\/?s={search_term_string}"},"query-input":{"@type":"PropertyValueSpecification","valueRequired":true,"valueName":"search_term_string"}}],"inLanguage":"fr-FR"},{"@type":"Organization","@id":"https:\/\/be-cycle.fr\/wordpress_l\/#organization","name":"Born to be-cycle","url":"https:\/\/be-cycle.fr\/wordpress_l\/","logo":{"@type":"ImageObject","inLanguage":"fr-FR","@id":"https:\/\/be-cycle.fr\/wordpress_l\/#\/schema\/logo\/image\/","url":"https:\/\/be-cycle.fr\/wordpress_l\/wp-content\/uploads\/2026\/03\/Logo-Born-to-Be-Cycle-rond-@300px.webp","contentUrl":"https:\/\/be-cycle.fr\/wordpress_l\/wp-content\/uploads\/2026\/03\/Logo-Born-to-Be-Cycle-rond-@300px.webp","width":100,"height":100,"caption":"Born to be-cycle"},"image":{"@id":"https:\/\/be-cycle.fr\/wordpress_l\/#\/schema\/logo\/image\/"}}]}},"_links":{"self":[{"href":"https:\/\/be-cycle.fr\/wordpress_l\/wp-json\/wp\/v2\/pages\/10","targetHints":{"allow":["GET"]}}],"collection":[{"href":"https:\/\/be-cycle.fr\/wordpress_l\/wp-json\/wp\/v2\/pages"}],"about":[{"href":"https:\/\/be-cycle.fr\/wordpress_l\/wp-json\/wp\/v2\/types\/page"}],"author":[{"embeddable":true,"href":"https:\/\/be-cycle.fr\/wordpress_l\/wp-json\/wp\/v2\/users\/1"}],"replies":[{"embeddable":true,"href":"https:\/\/be-cycle.fr\/wordpress_l\/wp-json\/wp\/v2\/comments?post=10"}],"version-history":[{"count":74,"href":"https:\/\/be-cycle.fr\/wordpress_l\/wp-json\/wp\/v2\/pages\/10\/revisions"}],"predecessor-version":[{"id":264,"href":"https:\/\/be-cycle.fr\/wordpress_l\/wp-json\/wp\/v2\/pages\/10\/revisions\/264"}],"wp:attachment":[{"href":"https:\/\/be-cycle.fr\/wordpress_l\/wp-json\/wp\/v2\/media?parent=10"}],"curies":[{"name":"wp","href":"https:\/\/api.w.org\/{rel}","templated":true}]}}